ded by 9?
3
Suppose 11*t - 8*t = 3*h - 123, 2*h - 4*t - 80 = 0. Calculate the remainder when 81/(-2 - h/(-12)) is divided by (-11)/((-2)/(-1 - -3)).
10
Let t(j) = 13*j - 22. Let c(a) = 30*a - 43. Let w(q) = 2*c(q) - 5*t(q). What is the remainder when 142 is divided by w(-1)?
26
Suppose -10*n + 3989 = -1001. Let a = n + -474. What is the remainder when 123 is divided by a?
23
Let q(p) = -2*p + 4. Suppose -3251*w + 3265*w - 1120 = 0. Calculate the remainder when w is divided by q(-5).
10
Let m(f) = -4*f + 66. Let l be m(6). What is the remainder when (-182)/l*-75 + 5/(-1) is divided by 108?
104
What is the remainder when 1835 is divided by (-273)/(-26) + 54/36?
11
What is the remainder when (4 - (-323 - (-36)/3)) + (0 - -1) is divided by 80?
76
Suppose 2*k + 2 = 0, -4*z = -z + k - 26. Suppose 57*l - 53*l = 20. Calculate the remainder when z is divided by l.
4
Let i(a) = 4*a + 7. What is the remainder when 950/15*(-6)/(-5) is divided by i(8)?
37
Let u(v) = -19*v**2 - 9*v - 34. Let f be u(-6). Let d = f - -670. Calculate the remainder when 24 is divided by d.
0
Let m(h) = -2*h - 22. Let w be m(-11). Suppose u + w*u = 143. Calculate the remainder when u is divided by 50.
43
Suppose -6*u - 186 = -4*d, -2*d = -d + 2*u - 57. Calculate the remainder when 3768 is divided by d.
45
What is the remainder when 550 is divided by 13 + (1 + -12 - -40)?
4
Let m = 75085 - 75048. Let w = 45 - 30. What is the remainder when m is divided by w?
7
Let f = -694 - -1012. Suppose -u = -3*q + 153, -4*q = u + 121 - f. Calculate the remainder when q is divided by 28.
22
Let a = -17252 + 17331. Calculate the remainder when 1177 is divided by a.
71
Suppose 5*s + 3*s = -0*s + 296. Suppose -5*y - o = -30, -15 = -y - 3*o + o. Suppose -y = -p + 3. Calculate the remainder when s is divided by p.
5
Let w = -10 - -46. Let g be (36/21)/((-6)/(-28)). What is the remainder when ((-1581)/(-15) - 0) + g/(-20) is divided by w?
33
Let s(l) = 659*l**2 - 35*l - 36. Let h be s(-1). Let y = 768 - h. Calculate the remainder when y is divided by 37.
36
Suppose -2*v + 3*q + 158 = 0, -2*v + 5*q - 8*q = -158. Let o = -307 - -327. What is the remainder when v is divided by o?
19
Let z be (-10)/(1/(1/2)) - -3. Let y be (5/15 + z/(-12))*-20. Let l(q) = -4*q - 15. What is the remainder when 48 is divided by l(y)?
23
Let a be (-30)/(-12) + 60/8. Calculate the remainder when 1/(-10) + 1721/a - 4 is divided by 19.
16
Let n(z) = 150*z + 1611. Calculate the remainder when n(-10) is divided by 22.
1
Calculate the remainder when 18046 is divided by ((-3)/((-18)/3))/((-83)/(-15770)).
91
Let x(l) = -2. Let i(v) = v + 7. Let j(o) = 6*i(o) + 17*x(o). Let z be j(-1). Suppose 0 = z*q - 78 + 34. Calculate the remainder when q is divided by 8.
6
Let o = -3904 - -3912. Calculate the remainder when 371 is divided by o.
3
Let k = -164 - -199. Suppose -19*n + 403 = -623. Calculate the remainder when n is divided by k.
19
Let g(v) = -v**3 - 8*v**2 + 7*v + 8. What is the remainder when (-2 - -153 - -2)/1 is divided by g(-9)?
23
Let j(b) = -b**2 - 28*b + 129. Let p be j(7). Let v = 337 + p. What is the remainder when v is divided by 16?
13
Let v be 1/((-1)/2)*(-2)/(-4). Let u(t) = -22*t - 10. Calculate the remainder when 36 is divided by u(v).
0
Let x = 11 + -4. What is the remainder when x is divided by (8/32*-20)/((-4)/4)?
2
Let n be (-24)/36 + 8/3. Suppose -n*v = -3*w - 205, -13*w + 503 = 5*v - 11*w. Calculate the remainder when 110 is divided by v.
9
Let x = -90 + 120. Let z = 7 + -12. Calculate the remainder when 2/(-5)*z - -56 is divided by x.
28
Let d = 31044 - 30801. What is the remainder when d is divided by 33?
12
Let y = 27 + -78. Let x = y - -88. Calculate the remainder when 256 is divided by x.
34
Let t = -4227 + 4360. Calculate the remainder when t is divided by 38.
19
Suppose 4*z = -38*p + 40*p + 4, 9 = 3*p - z. Suppose 3*u = p*r - 9*r + 56, 2*u = 4. What is the remainder when 459 is divided by r?
9
Let y = -18 + 30. Suppose 2*p - y = 5*p. Calculate the remainder when 41 is divided by p + (-2 - -2) + 15.
8
Let k(u) = 16*u - 80. Let a be k(9). What is the remainder when (21/(-12))/((-8)/a*2) is divided by 5?
2
Suppose 7312 = 97*u + 1880. Calculate the remainder when 2684 is divided by u.
52
Let q = 8061 - 7939. What is the remainder when 560 is divided by q?
72
Let r = -2941 - -3003. Calculate the remainder when 291 is divided by r.
43
Let c(o) = 1486*o**3 - 7*o**2 - 25 - 1485*o**3 + 1 + 9*o. Suppose -4*q + 3*q + 4*y - 5 = 0, 2*q - 23 = -3*y. Calculate the remainder when c(q) is divided by 14.
11
Calculate the remainder when ((-846)/(-24))/(9/528) is divided by 257.
12
Let n(q) be the first derivative of 11*q**2 + 2*q - 1. Suppose 3 = -4*u + 5*u, u = 2*l - 135. What is the remainder when l is divided by n(1)?
21
Let x = 58 + -56. Suppose -2*z + x*t = -0 - 6, -5*z = -2*t - 18. Suppose -5*v + 23 = 4*f, -3*f = 2*f - 3*v - 38. What is the remainder when f is divided by z?
3
Calculate the remainder when -13 - 554*(6 - 7) is divided by 86.
25
Let s = 90 - -432. Let w = 577 - s. Calculate the remainder when w is divided by 8.
7
Calculate the remainder when (-6)/5 - (14/(-105))/((-1)/(-5604)) is divided by 29.
21
Let w(i) = -4*i + 58. Let f be (-6)/(-21) + (-12)/42. Calculate the remainder when w(f) is divided by 32.
26
Suppose 2*w - 142 = -2*w + 2*g, 3*w = 4*g + 104. Suppose -27*s + 8534 = -187. What is the remainder when s is divided by w?
35
Suppose -33*s + 17*s + 32 = 0. Suppose -m - r = r - 140, 4 = -s*r. What is the remainder when m is divided by 51?
42
Suppose -6*j - 125 = -9*s + 4*s, 16 = s - 3*j. What is the remainder when 12647 is divided by s?
30
Let y = -76 - -21. Let a = y + 88. Suppose 0 = 3*m + 9, -2*u + a = 4*m - 3. Calculate the remainder when u is divided by 15.
9
Let q = -1591 - -1627. What is the remainder when 7989 is divided by q?
33
Let q(l) = l**3 - 9*l**2 + 6*l - 10. Let c be q(11). Suppose -r + 4 = 0, 2*r + c = 2*w + 98. Calculate the remainder when w is divided by 38.
28
Let i = -8113 - -8134. What is the remainder when 294 is divided by i?
0
Let w = 17 + 18. Suppose 21 = -5*l + 7*f - 3*f, f = 5*l + 24. Let a(k) = -k**2 - 3*k + 19. Calculate the remainder when w is divided by a(l).
8
Let p = -350 + 302. Let v = -34 - p. Suppose -k + 41 = -6. What is the remainder when k is divided by v?
5
Let c = -325482 + 325515. Let a = 65 - -31. What is the remainder when a is divided by c?
30
Calculate the remainder when 155 is divided by 64/6 + 2 - 612/918.
11
What is the remainder when (-15 - -2 - -14)*179 is divided by 140?
39
Let z = 16830 + -16039. What is the remainder when 2390 is divided by z?
17
Suppose 29*h = -49*h + 6162. Calculate the remainder when h is divided by 14.
9
Suppose 0 = -68*z - 326 + 598. Calculate the remainder when 80 is divided by z.
0
Suppose 4*l + 4*b = 36, 2*l + 284*b - 30 = 280*b. Calculate the remainder when 452 is divided by l.
2
Let c = -79 - 62. Let i = c - -160. Calculate the remainder when i is divided by 10.
9
Let w(i) be the second derivative of -i**3/2 - 3*i**2 - 16*i. Let g be w(-3). Suppose -4*n + 71 = g. What is the remainder when n is divided by 10?
7
Suppose 3*u = p - 2462, -4*u = -6*u + 8. What is the remainder when p is divided by 59?
55
Suppose 3*d = 538 - 409. What is the remainder when 187 is divided by d?
15
Let b(n) = n**2 - 11*n - 115. Let v = -10 + 16. Calculate the remainder when b(-9) is divided by v.
5
Suppose 37 + 143 = 15*x. Let m be (-250)/(-12) + 7/42. Suppose 315 = m*q - x*q. What is the remainder when q is divided by 12?
11
Suppose -v + 3*m + 209 = 3*v, -5*v - m = -266. Let h be (-129 + 8)/(7/(-35)). Let z = h - 586. What is the remainder when v is divided by z?
15
Let t = -8531 - -8558. What is the remainder when 1673 is divided by t?
26
Suppose 73*z = 7111 + 30776. Calculate the remainder when z is divided by 75.
69
Let g(h) = 24*h**2 + 9*h + 13. Let x be g(-7). Suppose -580 = -b + 5*d, -2*b + x = -5*d - 29. Let i = b + -402. What is the remainder when i is divided by 22?
19
Let s be -2*(68/8 + -4). Let b = 10 - s. Calculate the remainder when 91 is divided by b.
15
Let m = -9791 - -9795. What is the remainder when 1522 is divided by m?
2
Suppose -116*t = -120*t + 2*k + 270, -3*t + 227 = 2*k. What is the remainder when 618 is divided